2. Calculate the remainder when 27 is divided by h(g).
13
Suppose -4*z - 349 - 11 = -4*b, -5*b + 2*z + 435 = 0. Suppose -57 = r - b. What is the remainder when 73 is divided by r?
17
Let n = 10030 + 2615. Calculate the remainder when n is divided by 4211.
12
Let o be 50420/140 - (-1)/(-7). Let d be (-3)/((-9)/12*1). Suppose -d*p + p - s = -o, 0 = 2*p + 5*s - 253. Calculate the remainder when p is divided by 24.
23
Suppose 153 - 148 = -5*i. Let o be (12 - 4) + 0 + i. Suppose -7*j + 14 = -o. Calculate the remainder when j is divided by 2.
1
What is the remainder when 342 is divided by (912/32)/(-19)*-50?
42
Let t(o) = -o**3 + 81*o**2 - 164*o + 737. What is the remainder when t(79) is divided by 51?
8
Suppose 0 = 4*o - 5*l + 11, -4*o - 4 = l - 11. Calculate the remainder when (418/114)/(o/354) is divided by 13.
11
Let z be (11 + -1)*4/(-10). What is the remainder when (0 + z - -3) + 33 is divided by (-5 + 4 + -8)*-1?
5
Suppose 0 = w + 4*n - 34, 4*w + n - 2*n - 85 = 0. Calculate the remainder when 0 + -4 - -2 - -199 is divided by w.
21
Let a(h) = -56*h - 818. Calculate the remainder when 289 is divided by a(-15).
3
Let j be 1/2*(-15 + -3). Let q(s) = -6*s - 7. Suppose 37*n = -4*v + 41*n + 48, 3*n = -v - 4. Calculate the remainder when q(j) is divided by v.
7
Let q be (-5)/(-2 - 3) - -1. What is the remainder when (228 - q) + (-2 - 0) is divided by 25?
24
Suppose -3*c + 4*i = -1749, 6*i - 8*i - 1164 = -2*c. Let g = 661 - c. What is the remainder when 327 is divided by g?
81
Let y(a) be the third derivative of a**6/120 - 3*a**5/20 + a**3/3 + 9*a**2. Let g be y(9). What is the remainder when g/(-9) + 5225/225 is divided by 6?
5
Suppose 7*u = -52*u + 3835. Suppose 3*f - y - 12 = 0, -f - 3*y = -4 - 0. Suppose -3 = -f*n + 41. What is the remainder when u is divided by n?
10
Suppose 24*s - 252 = 15*s. Suppose 0 = s*b - 2688 - 616. Calculate the remainder when b is divided by 60.
58
Let t(r) = 180*r + 5. Suppose 2*n = -5*v - 5, -6*n - 25 = -n. What is the remainder when t(v) is divided by 27?
23
Let k(r) = 198*r + 2853. Let i = -101 - -161. What is the remainder when k(-12) is divided by i?
57
Suppose 2*h + 22 = z + h, -3*h = -5*z + 120. Suppose -5*j + 14*j = z. Calculate the remainder when 12 is divided by j.
0
Suppose -112 = -6*u + 4*u. Let r be ((-58)/2)/((-14)/u). Suppose 0 = -10*s + 14*s - r. Calculate the remainder when s is divided by 10.
9
Let o(g) = 26*g + 181. Let n be o(14). Suppose 0 = 8*l - n + 185. Calculate the remainder when 159 is divided by l.
24
Suppose -3 = 5*l - 8*l, 74 = 3*a + 2*l. What is the remainder when 1319 is divided by a?
23
Suppose 118*p = 115*p + 6. Suppose -p*f - 3*q + 163 = 0, -q = f + 4*q - 92. What is the remainder when f is divided by 21?
14
Calculate the remainder when 1838 is divided by (7/4 - (1 + 1)) + 29480/160.
182
Let r = -281 + 283. Calculate the remainder when (r/(-8))/((-2)/(-848)*-2) is divided by 96/7 + (-2)/(-7).
11
Let v = 3791 - 3760. Calculate the remainder when 3934 is divided by v.
28
Let a(n) = 83*n**2 - 902*n + 3597. Calculate the remainder when a(4) is divided by 102.
93
Suppose 0 = 3*d - 2*t - 15196, -29*t = -3*d - 32*t + 15186. What is the remainder when d is divided by 28?
24
What is the remainder when ((-4)/(-5))/(2/280) is divided by -126 + 119 - 180/(-3)?
6
Let u(y) = -64*y + 5. Let k be u(-5). Suppose 2*v - k + 47 = 0. Let r(w) = -23*w + 35. Calculate the remainder when v is divided by r(0).
34
What is the remainder when ((-58)/(-87))/(1 + (925/462 - 3)) is divided by 106?
96
Suppose 6359 - 4667 = 36*h. What is the remainder when (1 + -17)*(-135)/12 is divided by h?
39
Suppose 11*i = 4*i - 5*i. Suppose -4*n - n + h = -1325, i = -n + 4*h + 265. Calculate the remainder when n is divided by 14.
13
Let l = 6 + -4. Let r be ((-6)/((-48)/152))/((-1)/9). What is the remainder when 7 is divided by l/10 + r/(-45)?
3
Suppose 2 = p, 289 = s - 234*p + 233*p. Calculate the remainder when 597 is divided by s.
15
What is the remainder when (83/249)/((-2)/(-3462)) is divided by 185?
22
Let u = 31 - 3. Let s = -16 + u. Calculate the remainder when ((-9)/5)/((-119)/(-30) + -4) is divided by s.
6
Let g = 263 + -144. Suppose 4*u = -4*k + 132, 81*k - 83*k + 70 = 4*u. What is the remainder when g is divided by k?
26
Suppose 3*i = 672 - 192. Suppose 20 = 4*j - 20. Suppose j*l - i = 6*l. What is the remainder when l is divided by 14?
12
Let s = 14193 + -14169. What is the remainder when 64 + 0*(-2)/2 is divided by s?
16
Let g(u) = 82*u**2 - u. Suppose 26*l + 7 = 19*l. What is the remainder when g(l) is divided by 43?
40
Suppose -253*s + 258*s = -3*i + 1724, 0 = -2*i - 3*s + 1149. Calculate the remainder when i is divided by 125.
73
Let y = -1686 + 1940. Calculate the remainder when y is divided by 138.
116
Suppose 4*j - 244 = 5*v - 1126, 0 = 3*v - 5*j - 537. Suppose 5*o = -2*z + 17, 3*z + 0*o + 5*o = 28. Calculate the remainder when v is divided by z.
9
Suppose 11893 = -0*i + 6*i - 5093. Calculate the remainder when i is divided by 1409.
13
Suppose 0 = -3*q + 18, -20*k + 19*k - 4*q + 95 = 0. What is the remainder when 348 is divided by k?
64
Suppose 30*x - 24182 = 6388. What is the remainder when 1022 is divided by x?
3
Suppose 16 = -4*n, 0 = 4*b - 2*b - n - 724. Let h = b - 323. What is the remainder when h is divided by 21?
16
Suppose 4*o - 15 = y, -4*o + 5*y = -49 + 54. Suppose -5*b = -11*s + 14*s - 119, 81 = 3*b + o*s. Calculate the remainder when 85 is divided by b.
19
Suppose 34*k - 29*k + 1870 = 0. Let l = k - -387. What is the remainder when 90 is divided by l?
12
Let t = -6181 - -6755. What is the remainder when t is divided by 198?
178
Let t = 9908 + -9862. What is the remainder when 1138 is divided by t?
34
Suppose 2*z + 2*z = 20. Suppose -4*y + 8 = 0, 0 = -2*p - 0*p + y + 20. Suppose 20 + p = d - g, -4*d + g = -118. Calculate the remainder when d is divided by z.
4
Let z(c) = -c**3 + 110*c**2 + 459*c + 129. What is the remainder when z(114) is divided by 46?
11
Let j(i) = 18*i - 68. Let p be j(4). Suppose v - p*l + 14 = 39, 2*v - 3*l - 25 = 0. Suppose -w + 28 = w. Calculate the remainder when w is divided by v.
4
Suppose 0 = 39052*j - 39058*j + 1752. Calculate the remainder when j is divided by 81.
49
Suppose -410*i = -413*i + 2109. Suppose -u = 2*x - 289, 9*x - 4*u = 4*x + i. Calculate the remainder when x is divided by 36.
35
What is the remainder when 6/84 - (-10875)/42 is divided by 10?
9
Let p(x) be the second derivative of x**5/20 - 5*x**4/3 + x**3/3 - 11*x**2 + 10*x. Let r be p(20). Calculate the remainder when 75 is divided by 4/r + 338/18.
18
Let k(f) = f**2 + 2*f - 3. Let r be (-12 + 9)/(6/(-14)). Let l = r + 16. Calculate the remainder when l is divided by k(-4).
3
Let p(f) be the third derivative of f**5/6 + f**3/6 - 4*f**2. What is the remainder when 58 + 11/(55/(-35)) is divided by p(1)?
7
What is the remainder when (2600/(-800))/(((-2)/(-216))/(1 + -2)) is divided by 50?
1
Let h(a) = -3*a - 18. Let j(c) = 17 - 15*c + 7*c + 10*c. Let w(x) = 4*h(x) + 5*j(x). Calculate the remainder when w(-15) is divided by 9.
7
Let p(u) = 2*u**2 - 14*u - 67. Let o be p(-5). Let v = 252 + o. Calculate the remainder when v is divided by 51.
50
Suppose 16*t + 0*t = 144. Let u be (8/4 - 20)*(1 - t). Suppose 3*c - u = 3*a, -5*c + 2*a + a = -242. Calculate the remainder when 145 is divided by c.
47
Suppose -14*c + 602 = -280. What is the remainder when 36 is divided by 0 + 2/14 + 873/c?
8
Suppose 7*q = -2 + 23. Suppose 4*s - 15 = -s - q*n, 2*n - 10 = -s. What is the remainder when 26 is divided by (-4)/(1/5*-2 + s)?
6
Suppose -5*l + 3*n = -35, -n - 19 = -2*l - 5. Suppose -1174 = -l*a + 1311. What is the remainder when 252 is divided by a/7 + 4/14?
48
Let z = 111 + -78. Suppose 0 = z*x - 104 - 556. What is the remainder when 274 is divided by x?
14
Let b = -34 + 31. Let y(r) = 3*r**2 + 5*r - 7. Let s be y(b). Suppose -s*x + 54 + 1 = 0. Calculate the remainder when 24 is divided by x.
2
Let k = 16662 + -16633. Calculate the remainder when 4811 is divided by k.
26
What is the remainder when (921/6)/((10/(-8))/(170/(-68))) is divided by 149?
9
Let r(s) = -7*s**2 - 88*s - 13. Calculate the remainder when 229 is divided by r(-11).
13
Let o = 111 - 115. Calculate the remainder when -6 - (o + 3 - 62) is divided by 